). What is the greatest common factor of 20 and j?
20
Let y be (-1)/(-3 - -2) + 1. Suppose 2*p - 4*d + 136 = 0, -5*p - 229 = -y*p - d. Let m = p + 138. Calculate the highest common factor of 24 and m.
12
Suppose 0 = m - 5*m - o + 215, o = m - 55. What is the greatest common factor of m and 27?
27
Suppose -r = 3*y - 55 - 49, 5*y - 176 = r. Let c be (-231)/y*1*-5. Calculate the greatest common factor of c and 231.
33
Suppose 10*b - 4*b = 192. What is the greatest common factor of b and 224?
32
Let u(l) = -1. Let i(k) = -k**3 - 13*k**2 - 15*k - 6. Let r(c) = i(c) - 3*u(c). Let q be r(-12). What is the greatest common divisor of 22 and q?
11
Let b = -195 - -273. What is the highest common factor of 52 and b?
26
Let p = -16 + 5. Let n = 37 + p. What is the greatest common factor of n and 65?
13
Let u = 0 + -6. Let q = u - -22. What is the highest common factor of q and 80?
16
Suppose 3*v + 60 = 8*v. Calculate the highest common factor of 96 and v.
12
Let d be (-1)/(-3) + 72/27 + 3. What is the highest common divisor of 4 and d?
2
Let j(l) = 2*l + 52. Let z be j(-18). Calculate the highest common factor of 144 and z.
16
Suppose -5*l - 4*a + 2*a + 440 = 0, -5*l - 4*a + 440 = 0. Calculate the greatest common divisor of 22 and l.
22
Suppose -14*d + 11*d = -294. Calculate the greatest common factor of 28 and d.
14
Let d = 13 - 19. Let k = d - -24. What is the greatest common factor of 18 and k?
18
Suppose 8*b = 896 - 368. Calculate the highest common factor of b and 12.
6
Let f = -102 + 153. Suppose 53 = 4*m - f. What is the greatest common divisor of 156 and m?
26
Let g be 28/((-1)/3*-2). Suppose -4*y = -6*y + 12. Calculate the greatest common divisor of g and y.
6
Let f(i) = i**3 - 4*i**2 - 5*i - 3. Let v be f(5). Let z be 1/((v/66)/(-1)). Let g be 65/2 - 3/(-6). Calculate the greatest common divisor of g and z.
11
Let j(y) = y**3 - y + 135. Let n be j(0). What is the greatest common divisor of 54 and n?
27
Let v = 86 - 50. What is the highest common divisor of 9 and v?
9
Let y be ((-16)/18)/4 - (-14995)/45. What is the greatest common factor of 37 and y?
37
Let x be (-145)/(-15) - (-2)/6. Suppose 0 = -5*j - 0 + 15, -4*i = 5*j - 115. Calculate the highest common factor of x and i.
5
Suppose 3*b - 4*b = -3. Calculate the greatest common divisor of b and 3.
3
Suppose -4*q + 11 = -3*q. Calculate the greatest common divisor of 121 and q.
11
Let j(t) = -t**2 - 16*t - 27. Let n be j(-12). What is the greatest common factor of 231 and n?
21
Suppose -3*d + 330 = -d. Suppose 0 = 5*x - 45 - d. Calculate the highest common divisor of 6 and x.
6
Suppose 2*d - 7*d = 5. Let b(n) = 44*n**2 + n + 1. Let g be b(d). What is the greatest common divisor of g and 4?
4
Suppose -2*q + 52 = 4*k + 2*q, 2*q + 58 = 5*k. Calculate the greatest common factor of k and 3.
3
Suppose -k = 5, -2*z = 3*z + 2*k - 70. Calculate the greatest common divisor of z and 4.
4
Suppose w + 5*r + 35 = 2*w, 5*r + 60 = 2*w. Let b be -2*4/8*-10. Calculate the greatest common factor of b and w.
5
Suppose 3*n + 3 = -33. Let p = 20 + n. Calculate the greatest common divisor of p and 12.
4
Let x(r) be the second derivative of -r**3/2 + r. Let i be x(-6). What is the greatest common divisor of i and 6?
6
Let w(k) = k + 3. Let m be w(12). Let v = 10 - 7. Calculate the highest common divisor of m and v.
3
Let j = -10 - -18. Suppose c + c - j = 0. Suppose -u - 18 = 3*i - c*i, u = 5*i - 90. Calculate the highest common factor of 18 and i.
18
Let a = 28 + -27. Calculate the highest common factor of a and 7.
1
Suppose -5*i + 2*i - 39 = 0. Let m be (1 - i)/(3 + -2). What is the greatest common factor of m and 28?
14
Let a be 6 - 7 - (-17 + 2). Calculate the highest common factor of 154 and a.
14
Let r = -1 - -3. What is the highest common factor of r and 4?
2
Suppose 120 = i + i. Suppose -99 = -2*j - 2*j - 3*z, -4 = -4*z. What is the highest common divisor of j and i?
12
Let y be (-12)/(-2)*(-3)/9. Let u = 2 - y. What is the greatest common divisor of 12 and u?
4
Suppose -2*q + q + 52 = 0. Suppose -6*v = -2*v - q. What is the greatest common divisor of v and 65?
13
Suppose 6*n - 386 = 286. What is the highest common factor of n and 16?
16
Suppose -64 = -2*d + 26. What is the highest common factor of 18 and d?
9
Suppose -a + 17 = -100. Suppose 4*b - 108 = -3*z, -2*b - a = -3*z - 3*b. Let o be (28/(-10))/((-2)/z). Calculate the highest common factor of o and 8.
8
Suppose 44*u = 49*u - 40. Calculate the highest common divisor of u and 72.
8
Suppose 61 = 6*n - 59. What is the greatest common factor of 140 and n?
20
Suppose 2*p = 491 - 111. Calculate the highest common divisor of 10 and p.
10
Suppose -2*r - 32 = -3*m - 6*r, 2*m - 3*r = 10. Suppose n = 2*n + h - 54, -5*h - 234 = -4*n. What is the highest common divisor of n and m?
8
Let d(h) = -h**3 + 22*h**2 + 41*h + 37. Let f be d(23). Calculate the greatest common divisor of 41 and f.
41
Suppose 0 = 3*x + 2*l - 71 - 29, 4*x - 133 = -3*l. What is the greatest common factor of x and 102?
34
Let c(f) = -f**2 - 8*f - 4. Let q be c(-4). Let s = q - 10. Calculate the greatest common factor of s and 3.
1
Let n be (-30)/((-45)/12 + 3). What is the greatest common factor of 60 and n?
20
Let y be (-321)/(-18) - (-1)/6. Let i = -10 + y. Suppose f - i = 3. Calculate the greatest common divisor of 33 and f.
11
Let r = 38 - 31. What is the highest common factor of r and 35?
7
Let f be (-1 - -4)/(5 - 328/68). Calculate the greatest common factor of f and 136.
17
Suppose -6*c + 4200 = 9*c. What is the greatest common factor of 14 and c?
14
Suppose 0 = q + 3*q - 64. What is the highest common divisor of 8 and q?
8
Let p = 245 + -157. Suppose -p = i - 5*i. Let c be (3 - (13 + 1))*-1. What is the highest common divisor of c and i?
11
Let h be (-1)/(-1) - (6 + -4). Let b = h - -51. Suppose 0 = 4*i - 26 - 54. Calculate the greatest common factor of b and i.
10
Let v = 22 - 12. Let z(y) = -y**2 + 13*y - 18. Let o be z(12). Let i(p) = -p**2 - 8*p - 8. Let m be i(o). Calculate the greatest common divisor of m and v.
2
Let p(l) = -l - 9. Let f be p(-12). Suppose -r + 356 + 81 = f*u, -4*r = 16. Let a = 51 + -30. Calculate the greatest common divisor of u and a.
21
Let r = 10 - -9. Calculate the greatest common factor of 114 and r.
19
Let h be (-2)/(-6) - 45/(-27). What is the greatest common divisor of 2 and h?
2
Let i(x) = x**3 - 8*x**2 - 10*x + 13. Let b be i(9). Suppose t = -0*v - b*v + 216, -4*t + 270 = 5*v. Calculate the highest common factor of 6 and v.
6
Suppose 0 = -3*w + 8 + 16. Let r = 23 + -8. Let a = r - w. What is the highest common divisor of 1 and a?
1
Let q(g) = 9*g**2 - 3 + g**3 + 0*g**3 + 5*g + g. Suppose -21 = 3*f + 3. Let b be q(f). What is the greatest common divisor of 143 and b?
13
Let x be 10 + -5 + -1 + 3. Calculate the highest common factor of 28 and x.
7
Suppose -2*w + 3*p - 4*p = 5, 0 = 3*w + 3*p + 15. Suppose w = k + k + 58. Let o = k + 44. Calculate the highest common factor of 120 and o.
15
Let f = -2 - -1. Let s be (-6)/f + 0 - 2. Calculate the highest common divisor of s and 2.
2
Let q be (-268)/(-20) + -2 + 2/(-5). Calculate the greatest common divisor of 11 and q.
11
Suppose -2*z - p + 49 = 2*p, -z - 3*p + 17 = 0. Calculate the greatest common factor of 16 and z.
16
Let x(q) = q**3 + 11*q**2 + 13*q + 20. Let r be x(-9). What is the highest common factor of r and 26?
13
Let r be (-1 + 4 - 0)/((-6)/(-28)). Let b be 0 - ((-12)/2 - 1). Calculate the greatest common factor of r and b.
7
Let r(n) = -n**3 + 7*n**2 - 7*n + 7. Let a be r(6). Let p be (-1)/a - 232/(-1). Suppose -5*d + 63 = -2*d. What is the highest common factor of p and d?
21
Suppose -3*r = 0, -3*g + 3*r + 210 = 2*r. Suppose 0 = -z - 2*i + 3*i + 55, 0 = z + 2*i - g. Let u = -81 + 105. What is the highest common divisor of u and z?
12
Let a be (-5 - -18)/((-5)/2 + 3). What is the highest common factor of a and 13?
13
Suppose 3*a = i - 15, -a - 2 = -i + 7. Calculate the greatest common factor of i and 42.
6
Let f = 13 - 7. Suppose -3*g = -f*g. Suppose -m + 5 = g, 5 = 3*t + 5*m - 92. What is the greatest common divisor of 36 and t?
12
Suppose -23*q + 20*q = -174. What is the highest common divisor of q and 522?
58
Let h be (10/(-8))/((-5)/40). What is the highest common divisor of 70 and h?
10
Su